p(j) = -4*a(j) - 3*t(j). Determine p(16).
-37
Let w(b) = -2 - b**3 - 5*b + 2*b**2 + 19 + 19*b**2 - 9*b**2. Let k be w(-9). Let d(q) = -q**3 - 1765 - 2*q**3 + k - 2*q**2 + q. What is d(-2)?
12
Let a(m) = -3 + 1 + 4 + m**2 + 2*m. Let t(b) be the second derivative of -b**3/2 - 15*b**2 + 15*b + 1. Let p be t(-9). Determine a(p).
5
Let n = -14 - -10. Let f(m) be the second derivative of m**3/6 + 19*m**2/2 + 3*m + 39. Let y(q) = 6*q + 107. Let l(z) = -34*f(z) + 6*y(z). What is l(n)?
-12
Let c(g) be the second derivative of g**5/20 + g**4/2 + 5*g**3/3 + 17*g**2/2 - 4368*g. What is c(-5)?
-8
Suppose 2*r + 45 - 31 = 0. Let b be 2*(r + 10 + -4). Let w(m) = 3*m**2. What is w(b)?
12
Let b(z) = 2*z. Let h(k) = 5*k + 1. Suppose 5*v + 5*j = 0, 4*v + 4*j - 4 = 2*v. Let c(u) = v*b(u) + h(u). What is c(-1)?
0
Let u(v) = 2*v**2 - 41*v - 101. Suppose 70*t - 2783 = -67*t + 16*t. Calculate u(t).
14
Let b(x) = -x**3. Let m(l) = -3*l - 121. Let z be m(-40). Let u(d) = 2*d**3 + 7*d**2 + 7*d - 6. Let r(c) = z*u(c) - 3*b(c). Calculate r(8).
14
Let w(v) = 2*v**2 - 33*v + 15. Let s be 9/1 + 10/((-220)/(-154)). Give w(s).
-1
Let v(p) be the third derivative of p**6/120 + p**5/12 - p**4/4 + p**3 - 9*p**2. Let w be (16/10)/((-8)/20). Let l be 6 + w + 4*(-4)/2. Determine v(l).
6
Let v(a) = 2*a**3 - 7*a**2 - 14*a + 32. Let g be v(4). Suppose 0*o + 2*o - 4 = 0. Let j(c) = -9*c - 7 - c**2 + o*c**2 - 2*c**2. Determine j(g).
1
Let h(i) be the second derivative of -i**5/20 - i**4/6 - i**3/6 + 3*i**2/2 + 3*i - 23. What is h(2)?
-15
Let q be (-57)/(-27) - (-8)/(-72). Let b be 52/234 + q + 74/(-9). Let w(m) = -m**3 - 4*m**2 + 9*m + 2. What is w(b)?
20
Suppose -8*q + 17*q - 261 = 0. Let y(l) = q + 30*l - 65*l + 32*l. Give y(12).
-7
Let w(l) = -4*l. Let t = 102 + -100. Let m(u) = u + 1. Let i(d) = -4*d - 5. Let g(b) = t*i(b) + 9*m(b). Let q(h) = 5*g(h) + w(h). What is q(0)?
-5
Let o(z) = -z - 7. Suppose k + k = -k. Suppose k = -27*v + 35*v + 80. Calculate o(v).
3
Let c(m) = 0*m**3 - 13*m**3 + 2 - 119*m + 14*m**2 + 0*m**3 + 134*m + 12*m**3. Determine c(15).
2
Suppose 0 = -8*h + 93 + 51. Suppose -c + 5*c - t = -14, -5*c + t = h. Let x(g) = 5*g - 4. Let v(d) = -3*d + 3. Let f(n) = 8*v(n) + 5*x(n). Give f(c).
0
Let g(r) = 67*r + 140. Let z(w) = -268*w - 562. Let b(h) = -25*g(h) - 6*z(h). Calculate b(-2).
6
Let n(i) be the second derivative of i**5/20 + 7*i**4/12 + i**3 + i**2/2 - 197584*i. Let j = -14 + 8. Calculate n(j).
1
Let b(p) = -p**2 + 9*p + 5. Let q be (-2)/10 - (-7)/35. Suppose -4*i - 1 = d - 5, 2*i = 5*d - 20. Let g be (d/6 - q)/((-7)/(-84)). What is b(g)?
13
Let r = -38 + 42. Suppose 2*u - 22 = -4*v, r*u - 3*v - 39 = -6*v. Suppose -w + u = 3. Let b(k) = -k**2 + 5*k + 4. Give b(w).
-2
Let p = -5 - -1. Let o(c) = -2065*c**2 - 5*c + 3964*c**2 + 4 - 1902*c**2. Calculate o(p).
-24
Let h(p) = p**2 - 8*p + 14. Let k be h(7). Let l be (6 - k)/((-2)/20). Let u(v) = v - 9. Give u(l).
1
Let a(s) = 127*s**2 + 192*s - 126*s**2 + 19 - 179*s. Determine a(-4).
-17
Let y be 165/(-57) + 3 + (-672)/(-114). Suppose 63 + 63 = 9*r. Let c(n) = -2 - n - 10 + r + 0*n. What is c(y)?
-4
Let f(n) = -n**2 - 326*n - 4957. Let o be f(-16). Let k(z) be the second derivative of 0 + 1/6*z**3 - 21*z + o*z**2. Determine k(-5).
1
Let i(m) = m**2 - 5*m + 7. Let o = 31 + -29. Suppose -10 + 16 = o*b. Suppose -27 = -b*y - 3*h, -y = -2*h - h + 7. Determine i(y).
7
Let a(l) = 20*l - 2. Let m be ((-3)/(-2))/(28/(-56)) + 2. Determine a(m).
-22
Let t(n) = 56*n**3 - 12*n**2 + 35*n - 70. Let g(c) = 10*c**3 - 2*c**2 + 6*c - 12. Let a(b) = -17*g(b) + 3*t(b). Give a(0).
-6
Let d(i) = i**3 + i**2 - i + 9. Suppose 5*l = 5*j - 15, -l + 11 - 29 = -4*j. Suppose 0*p = p - 4*q + 3, -l*q + 15 = -5*p. Determine d(p).
-6
Let k be (3/(-5))/((-1)/5). Let w(m) = -2*m**2 - 23*m + 18. Let g be w(-12). Let u(t) = -t + 5*t - 1 - g - k*t. What is u(3)?
-4
Let f be 140/(-42)*(-6)/5. Let p(a) = 18 - f - 16 + 4*a. What is p(2)?
6
Let p(d) = -2*d**3 + d**2 - 4*d + 9. Suppose 24 = -11*s + 5*s. Let w(j) = -j**3 + j**2 - 2*j + 5. Let o(q) = s*p(q) + 7*w(q). What is o(-2)?
-1
Let y(z) = -3*z + 0*z**2 - 20*z + 3*z - z**2 - 19 + 8*z. Give y(-14).
-47
Let g(x) = x**2 + 8*x + 1. Let w be (-36)/9*75/30. Give g(w).
21
Let a = -1476 - -1477. Let i(u) = 25*u - 24. What is i(a)?
1
Let s(q) = q**3 - 28*q**2 + 2*q - 19. Let o be (4/(-3))/(-1*(2110/210 - 10)). What is s(o)?
37
Suppose -5*j - 325 = -5*g, 3*j = 3*g - j - 200. Let v = 163 - g. Let z(c) = 114 - 229 + v + 2*c. Determine z(9).
6
Let m = -99 - 8. Let p = m - -104. Let d(o) = -3*o**2 - o**2 + 3*o**2 + 4 - o. What is d(p)?
-2
Let t(u) be the third derivative of u**6/120 - u**4/6 + u**3/2 + 43*u**2. Suppose -2*o - 10 = -4, 3*w - 33 = 3*o. Suppose 0 + w = 4*d. Determine t(d).
3
Suppose 2*s - 5 = g, -5*g = -5*s + 3 + 7. Let u(o) = -o + 6 + 4 - 17 + s. Let p = -306 + 300. What is u(p)?
2
Let s = 11266 - 11270. Let q(z) = 12*z - 9. What is q(s)?
-57
Let p(i) = -2*i + 6. Let j be 4/(-10)*5 - -2*2. Let r be 150/60 + j/4. Calculate p(r).
0
Let i = -614 - -609. Suppose -11 = -4*t - 3. Let n(s) = 1 + 3*s - 4 - t*s + s**2 + 5*s. What is n(i)?
-8
Let a = 267 - 278. Let h(d) be the second derivative of -d**4/12 - 11*d**3/6 + 7*d**2/2 - 2*d + 622. What is h(a)?
7
Let d = -413 - -407. Let v(h) = -h**2 - 6*h. Let n(m) = -87 + 41 - 2*m**2 - 11*m + 47. Let q(b) = -3*n(b) + 5*v(b). What is q(d)?
15
Let f(u) = 11*u**2 + 720 + 26*u + u**3 - 241 - 233 - 235. Calculate f(-8).
-5
Suppose 4*m = 4 - 0. Suppose -2*x + 9 - m = 0. Let c(y) = y**2 - 5*y - 4. Let o(v) = -v**2 + 4*v + 3. Let r(g) = -2*c(g) - 3*o(g). Calculate r(x).
7
Suppose 64*y - 530 = 11*y. Suppose -y*w + 71 = 141. Let d(l) = -2*l**2 - 17*l - 15. Determine d(w).
6
Let z(n) = 2*n**2 + 28*n - 45. Suppose 739*k = 722*k - 255. What is z(k)?
-15
Let k(s) = -6*s**2 + 5*s - 17. Let t(x) = -3*x**2 + 4*x - 8. Let h(g) = 4*k(g) - 7*t(g). Give h(-4).
-28
Let a be 41 + (-44)/(-154)*(1 - -6). Let c = a - 39. Suppose 38 - 34 = c*g. Let p(l) = -2*l**3 + l. Determine p(g).
-1
Let x(k) = 1003032*k + 2 + 2 - 2 + k**2 - 1003029*k - 3. Give x(-4).
3
Let d(z) = -z**3 + 10*z**2 + z + 45. Let n be d(10). Let p(g) = -25 - 35 + n - g. Calculate p(0).
-5
Let v(m) = m**2 + 9*m + 5. Let f = -29 - -43. Suppose -1 = 15*o - f*o. Let w be (27 + -21)/(o*1). Calculate v(w).
-13
Let b(p) = p**3 + 7*p**2 + p - 6. Let g(u) = 3*u + 27. Let k = -155 + 144. Let x be g(k). What is b(x)?
24
Let t = 471 + -467. Let p(s) = -s + 6. What is p(t)?
2
Let x(y) = -2*y - 8. Let r = 456 + -453. Suppose -r*b - 23 = -4*q, 0 = 3*b + 7*q - 9*q + 19. Determine x(b).
2
Suppose -13 - 1 = -7*u. Let a be (-1 - -9 - 10)*(u + 0). Let v(l) = l**3 + 4*l**2 - 2*l - 1. Give v(a).
7
Let x(p) = 123*p**2 - 5*p - 4. Let z be x(-1). Let c(q) = z*q**3 - 62*q**3 - 61*q**3 - 4*q - 3*q**2. What is c(3)?
-12
Let k(d) = -2*d**3 - 10*d**2 + 2*d + 8. Let b(y) = y**2 + y - 1. Let r(s) = -3*b(s) + k(s). Give r(-6).
-19
Let r(f) = -14*f**3 - 2*f - 1. Let b(i) = 13*i - i**2 + 0*i**2 - 2*i - 5*i - 3. Let c(g) = 1. Let n(h) = b(h) + 2*c(h). Let o be n(6). Calculate r(o).
15
Let f(p) = -450*p + 377*p - 4*p**3 + 44*p - 29*p**2 - 33 + 5*p**3. Determine f(30).
-3
Let x(c) be the first derivative of -c**3/3 + 7*c**2/2 - 7*c - 2. Suppose -67 = 29*u - 212. What is x(u)?
3
Let i(u) be the third derivative of -u**6/120 - 3*u**5/20 + 13*u**4/24 + 7*u**3/3 + 3781*u**2. Suppose -1 = n + 9. What is i(n)?
-16
Let s(b) = 11*b**3 - 13*b**2 - 4*b + 4. Let z be s(2). Suppose -6 = z*n - 34*n, -2*n - 38 = -4*w. Let i(o) = -o**3 + 12*o**2 - 9*o - 16. Give i(w).
6
Suppose -35*w - 26 = -22*w. Let r(g) = -23*g + 5. Let q(l) = -11*l + 3. Let n(v) = 7*q(v) - 4*r(v). Give n(w).
-29
Let v(q) = 3*q**3 - 14*q**2 - 21*q - 82. Let a(x) = 4*x**3 - 13*x**2 - 22*x - 85. Let h(d) = -5*a(d) + 6*v(d). What is h(-9)?
-4
Let p(n) = -3*n - 8. Let y(z) = -z**3 + 7*z + 2*z**2 + 4463 - 4513 + 4*z**2. Let j be y(6). What is p(j)?
16
Let s = 1686 + -1680. Let r(f) = f**3 - f**2 - 32*f + 14. Calculate r(s).
2
Let r(j) = j**2 + 21*j + 70. Let m(q) = 8*q**2 + 119*q - 32. Let s be m(-15). What is r(s)?
2
Suppose 2*q + 334 = a, 0 = -5*q - a - 1161 + 312. Let m = 167 + q. Let x(n) = 3*n**2 - 3*n - 3. What is x(m)?
15
Let a(p) be the second derivative of -4*p**3/3 - 16*p**2 + 4969*p. Determine a(-4).
0